80, -2*z - 4*p = -6*z - 184. Let h = z + 64. What is the remainder when 104 is divided by h?
16
Let c = -10 + 7. Let h(t) = 2*t**2 + t - 1. Suppose -2*o + 50 = -o - 5*f, 0 = o + 2*f - 36. What is the remainder when o is divided by h(c)?
12
Calculate the remainder when 577 + 3 + -4 + 7 is divided by 15.
13
Let s(u) = 14*u**2 + 9*u - 9. What is the remainder when 108 is divided by s(1)?
10
Let m = 66 - -374. Calculate the remainder when m is divided by 49.
48
Suppose -13 + 238 = 5*o. Let r(g) = g**2 - 9*g - 8. Let j be r(9). What is the remainder when o is divided by 12/j - 105/(-6)?
13
Let y be (-105)/(-25) + (-1)/5. Suppose 0 = 4*u + w + 2*w - 80, 5*u - y*w - 100 = 0. What is the remainder when 119 is divided by u?
19
Suppose -122*y = -138*y + 2448. Calculate the remainder when 299 is divided by y.
146
Let t(j) = -6*j**3 - 65*j**2 + 6*j - 24. Suppose -2*s - 3*h = 2*h - 7, 2*s - 2*h = 28. Suppose s = -a + 27. What is the remainder when t(-11) is divided by a?
15
What is the remainder when 1858/8 + (-1 - (-66)/24) is divided by 115?
4
Let j = 13 + 23. Calculate the remainder when j is divided by 7/(-14) + 129/6.
15
Let b(d) = -d**3 + 8*d**2 - 7*d + 4. Let f be b(7). Suppose -35 = -f*p - 2*x - 3*x, -2*p = 4*x - 16. What is the remainder when 87 is divided by p?
7
Suppose 0 = -0*i + 3*i - 12. Let o = i - 6. Calculate the remainder when 18 is divided by ((-3)/1 - o)*-5.
3
Let h = -11 - -12. Let l be h + 12/(-4) + 19. Let o = l - 11. Calculate the remainder when 23 is divided by o.
5
Suppose 3*q = -2*q + 15. Let d(g) = g + 3. Let v be (3/2)/(9/24). What is the remainder when d(v) is divided by q?
1
Let b = -68 - -96. What is the remainder when 30 is divided by (-1 - 1)/((-7)/b)?
6
Let j(b) = b - 9. Let q be j(11). Suppose -8 = -q*c - 176. What is the remainder when (-2)/14 - 2532/c is divided by 16?
14
Let l = -108 + 218. What is the remainder when l is divided by 57?
53
Suppose 0*t - 2*t = t. Suppose t*l + 5*l = 100. Suppose -p = 5, 2*y + p + 2*p = 143. What is the remainder when y is divided by l?
19
Suppose 0 = 2*y - 8*y + 306. Let r = 92 - y. What is the remainder when 156 is divided by r?
33
Let d be (-3)/6 + 25/10. Suppose -5*i = -d*f - 2 + 4, -f + 1 = 3*i. Calculate the remainder when (f + -2)*-10 + -3 is divided by 5.
2
Suppose -3*p = p - 1088. Suppose 9*o - 5*o - p = 0. Suppose 0*y + 3*y = 42. What is the remainder when o is divided by y?
12
What is the remainder when 3372/3*25/50 is divided by 47?
45
Let c(g) = g**3 - 8*g**2 - 3*g - 5. Suppose -d = -b + 6, -14 = d + 2*d - 2*b. Let x be -2*d/4 - -8. Calculate the remainder when c(x) is divided by 26.
23
Suppose -5*x + 8 = -37. Calculate the remainder when (-5)/(-4 - 6) + (-54)/(-4) is divided by x.
5
Let h = -165 + 491. Calculate the remainder when h is divided by 22.
18
Calculate the remainder when 86 - (1 + 2/2) is divided by (-114)/(-4) - 101/(-202).
26
Let f be (5/10)/((-2)/(-36)). Let n = 18 - f. Calculate the remainder when 34 is divided by n.
7
Let u(x) = -x**3 + 28. Calculate the remainder when 27324/252 + (-4)/(-7) is divided by u(0).
25
Let m = -50 + 53. Suppose g - 26 = -q, m = q - 5*g + 1. What is the remainder when 129 is divided by q?
19
Suppose -162*a = -153*a - 117. Calculate the remainder when 35 is divided by a.
9
Suppose -8*d = 5*d - 962. Let f(c) = 3*c**2 - c + 1. What is the remainder when d is divided by f(3)?
24
Let f = 3249 + -2389. Calculate the remainder when f is divided by 48.
44
Let j be 2/7 + 1888/56. Let r = 55 - j. Calculate the remainder when 51 is divided by r.
9
Suppose -2*m = 4*t + 8 - 26, -5*m - 25 = -4*t. Suppose t = -7*s + 89. Calculate the remainder when 57 is divided by s.
9
Suppose -4*z + 4*u = -16, -3*z + 0*u = 2*u - 7. Suppose 224 - 48 = 22*p. Calculate the remainder when p is divided by z.
2
Let l = 5 + -3. Let r be (-250)/(-20) + (-1)/l. Calculate the remainder when (-1)/(r/4)*-117 is divided by 10.
9
Suppose 0 = 7*f - 4*f - 21. Let j(i) = -i**2 + 7*i + 3. Calculate the remainder when 9 is divided by j(f).
0
Suppose -26*s = -28*s + 66. Calculate the remainder when 330 is divided by s.
0
Let l(f) = f**2 + 3*f + 8. Let m be l(-6). Suppose -1 + m = 5*s. Suppose 3*u = -12 + 69. Calculate the remainder when u is divided by s.
4
Let z(j) = j**3 - 2*j**2 + 2*j - 1. Let u be z(2). Suppose u*o - 33 = 3*v, -3*o + 18 + 25 = 2*v. What is the remainder when o is divided by 7?
6
Suppose -g - 2*r = -419, -g + 508 = -4*r + 77. What is the remainder when ((-39)/9 - -3)/((-3)/g) is divided by 38?
36
Let c(r) = 33*r**3 + r - 1. Let s be c(1). Let f be (-3)/(1 - (-8)/(-10)). Let k = s + f. What is the remainder when k is divided by 10?
8
What is the remainder when 21 is divided by 20/5 - (-7 - 1)?
9
Let n be 1 - (27/3 + 2). Calculate the remainder when (88/n)/(2/(-5)) is divided by 12.
10
Let g(p) = p**3 + 52*p**2 - 3*p - 125. What is the remainder when 106 is divided by g(-52)?
13
Let m(b) = 82*b + 95. Calculate the remainder when m(4) is divided by 33.
27
Let i(v) = 2*v**2 - 19. Let z = -9 - -3. What is the remainder when i(-5) is divided by (68/(-6))/(4/z)?
14
Let w = 398 + 32. Suppose -6*v - w = -11*v. Calculate the remainder when v is divided by 29.
28
Let t(u) = -9*u - 4. Let z = -21 - -19. Calculate the remainder when t(z) is divided by 4.
2
Suppose 10*v - 253 = -v. Suppose 3*n - v - 166 = 0. Calculate the remainder when n is divided by 13.
11
Suppose 3*s - 4*n - 6 = 0, n = -5*s + 52 - 19. Let p = 10 - 5. Suppose o - s = -p. Calculate the remainder when 1 is divided by o.
0
Let z = 59 + -21. Suppose 0 = -l - 3*o + 48, l - 58 = o - 6*o. Let r = l - 13. What is the remainder when z is divided by r?
18
Let y = -1127 - -1448. What is the remainder when y is divided by 18?
15
Let b(j) = -4*j**2 - 17*j - 18. Let a(z) = -3*z**2 - 16*z - 17. Let x(p) = -5*a(p) + 4*b(p). Calculate the remainder when -2 - (-6)/2 - -70 is divided by x(11).
23
Let z(n) = n**3 + 46*n**2 - 149*n - 26. What is the remainder when z(-49) is divided by 5?
2
Let z(j) = -j**2 - 17*j + 42. Let s be z(-17). Let r(d) = 3*d - 3. Calculate the remainder when r(4) is divided by 258/s - 1/14*2.
3
Suppose 37*g - 108 = 33*g. What is the remainder when 199 is divided by g?
10
Let v = 771 - 711. Calculate the remainder when 476 is divided by v.
56
Suppose 5*m = r - 21, 4*r + 3*m - 148 = 7*m. Let f = 146 + -124. What is the remainder when r is divided by f?
19
Suppose 1 = -2*v - 3. Let k(i) = 5*i**2 - 7*i + 8. Let w(u) = 5*u**2 - 8*u + 10. Let r(b) = 6*k(b) - 5*w(b). Calculate the remainder when r(v) is divided by 8.
6
Let q be 10/3*(-5 - 147/(-6)). Suppose -224 = -3*h - q. What is the remainder when h is divided by 9?
8
Let s(h) = h**2 + 13*h - 37. Calculate the remainder when 45 is divided by s(4).
14
Suppose -5*t + 54 = -4*s - 7, 5*t + 2*s - 67 = 0. Suppose -310 = 3*w - 8*w. Calculate the remainder when w is divided by t.
10
Let m = 1186 + -1131. What is the remainder when m is divided by 27?
1
Suppose 33 = y + 3*h - 0*h, -5*y = -h - 181. Let c(s) = s**3 - 14*s**2 + 30*s - 2. Calculate the remainder when c(12) is divided by y.
34
Let b(a) = a**2 + 17. Let q = -18 + 22. Suppose -q*g = -7*g. What is the remainder when 32 is divided by b(g)?
15
Suppose -4*l = l - 45. Let g = 18 - 63. Let u = 48 + g. What is the remainder when l is divided by u?
0
Let r = 69 - 0. What is the remainder when 10 is divided by (-322)/r*((-1)/2 + -1)?
3
Suppose 2*n + 5 = 17. Let b = 2990 + -2981. Calculate the remainder when b is divided by n.
3
Let r = -165 - -242. Suppose -74 = -3*y - 26. What is the remainder when r is divided by y?
13
Let y be (-11)/33*(1 + -13). Suppose 0 = -2*h - 2*o + o + 47, y*h - 91 = o. What is the remainder when 68 is divided by h?
22
Suppose -3*t - 15249 = -20*t. Calculate the remainder when t is divided by 100.
97
Let p(t) = -2*t**3 - 2*t**2 - t - 13. Let o(u) = -u**3 - 3*u**2 - 2*u - 13. Let k(d) = 3*o(d) - 2*p(d). What is the remainder when k(7) is divided by 20?
17
Suppose -7*t + 359 + 117 = 0. Calculate the remainder when t is divided by 14.
12
Let b = 279 + -168. Suppose -4*j + j = -b. Calculate the remainder when j is divided by 10.
7
Let t(x) = x**3 + 48*x**2 - 4*x - 175. Let n be (-198)/(-2) + (0 - -1). What is the remainder when (-2 - (0 + -1)) + n is divided by t(-48)?
14
Let j be 2/(